prime factors of 4286257079?
13, 2467, 133649
List the prime factors of 49698528.
2, 3, 11, 19, 2477
List the prime factors of 5147208.
2, 3, 11, 67, 97
List the prime factors of 1805658770.
2, 5, 180565877
List the prime factors of 564279894.
2, 3, 59, 531337
List the prime factors of 493671855.
3, 5, 32911457
List the prime factors of 13961390.
2, 5, 19, 197, 373
List the prime factors of 187080902.
2, 93540451
What are the prime factors of 765886679?
103, 7435793
List the prime factors of 111333658.
2, 55666829
List the prime factors of 43966780.
2, 5, 11, 13, 15373
List the prime factors of 5649652231.
6091, 927541
What are the prime factors of 1359951018?
2, 3, 73, 857, 3623
List the prime factors of 1065474907.
7, 283, 537847
What are the prime factors of 1857416148?
2, 3, 7, 127, 8291
List the prime factors of 626267258.
2, 313133629
What are the prime factors of 205509124?
2, 17, 191, 15823
What are the prime factors of 1068968023?
1068968023
List the prime factors of 19769245.
5, 3953849
List the prime factors of 434775651.
3, 19, 31, 197, 1249
What are the prime factors of 239740086?
2, 3, 17, 23, 102191
List the prime factors of 1741276741.
4073, 427517
What are the prime factors of 316399610?
2, 5, 31639961
What are the prime factors of 61101966?
2, 3, 10183661
List the prime factors of 1307025348.
2, 3, 17, 31, 59, 113
What are the prime factors of 23296058?
2, 11648029
What are the prime factors of 126702403?
1097, 115499
What are the prime factors of 4341493523?
229, 18958487
List the prime factors of 246240727.
101, 2438027
What are the prime factors of 449371276?
2, 79, 1422061
What are the prime factors of 47721304?
2, 5965163
List the prime factors of 72051053.
163, 442031
What are the prime factors of 759995173?
7, 113, 960803
List the prime factors of 6654373360.
2, 5, 89, 934603
List the prime factors of 26441409.
3, 17, 439, 1181
List the prime factors of 686265738.
2, 3, 61, 1875043
What are the prime factors of 1516309334?
2, 758154667
What are the prime factors of 2873675394?
2, 3, 3259, 5443
What are the prime factors of 6785723?
7, 659, 1471
What are the prime factors of 5266325292?
2, 3, 37, 11861093
List the prime factors of 12801283.
11, 1163753
What are the prime factors of 2063065762?
2, 83, 839, 14813
List the prime factors of 1064038178.
2, 7, 3889, 19543
List the prime factors of 163261078.
2, 81630539
List the prime factors of 304038720.
2, 3, 5, 229, 461
What are the prime factors of 560849050?
2, 5, 313, 35837
List the prime factors of 3573404530.
2, 5, 4111, 86923
List the prime factors of 715742987.
715742987
What are the prime factors of 408478279?
11, 37134389
List the prime factors of 146810024.
2, 1297, 14149
List the prime factors of 9129124.
2, 2282281
List the prime factors of 99980331.
3, 11, 1091, 2777
What are the prime factors of 34236237?
3, 7, 467, 3491
List the prime factors of 120111739.
11, 992659
List the prime factors of 40961037.
3, 13, 173, 467
List the prime factors of 1222902389.
1222902389
What are the prime factors of 115671839?
115671839
What are the prime factors of 3667224887?
17, 31, 769, 9049
List the prime factors of 190673791.
7, 11, 2476283
List the prime factors of 47902297.
47902297
What are the prime factors of 424242836?
2, 809, 131101
List the prime factors of 85032079.
11, 17, 73, 6229
List the prime factors of 7080638.
2, 43, 281, 293
What are the prime factors of 3583066207?
7, 511866601
What are the prime factors of 26937329?
71, 379399
What are the prime factors of 660831076?
2, 977, 169097
What are the prime factors of 636947318?
2, 7, 223, 204019
List the prime factors of 1416154233.
3, 13, 36311647
What are the prime factors of 879163080?
2, 3, 5, 7326359
List the prime factors of 53439337.
7, 97, 211, 373
List the prime factors of 118720156.
2, 29680039
List the prime factors of 282968847.
3, 7, 4491569
What are the prime factors of 195004224?
2, 3, 233, 1453
List the prime factors of 1258980494.
2, 31, 20306137
What are the prime factors of 537033149?
43, 12489143
What are the prime factors of 194156508?
2, 3, 7, 13, 29, 6131
What are the prime factors of 1404377048?
2, 139, 1262929
What are the prime factors of 3667983618?
2, 3, 13, 1231, 38201
What are the prime factors of 11994295?
5, 211, 11369
What are the prime factors of 61842621?
3, 401, 51407
List the prime factors of 245210134.
2, 13, 9431159
What are the prime factors of 214058676?
2, 3, 13, 1372171
What are the prime factors of 748737777?
3, 41, 47, 129517
What are the prime factors of 5372542955?
5, 13, 53, 119963
List the prime factors of 63877775.
5, 13, 1163
What are the prime factors of 160990144?
2, 7, 359353
What are the prime factors of 27850450?
2, 5, 653, 853
List the prime factors of 82154872.
2, 47, 151, 1447
What are the prime factors of 33891749?
29, 67, 17443
List the prime factors of 6932572.
2, 1733143
List the prime factors of 325712337.
3, 3677, 29527
What are the prime factors of 78235407?
3, 19, 457517
What are the prime factors of 93962323?
7, 13, 71, 14543
What are the prime factors of 59620091?
59620091
List the prime factors of 68390941.
43, 1590487
What are the prime factors of 1793055556?
2, 313, 907, 1579
List the prime factors of 28087339.
7, 19, 30169
What are the prime factors of 1119251215?
5, 6221, 35983
List the prime factors of 84834197.
7, 31, 12611
List the prime factors of 320873121.
3, 19, 1876451
What are the prime factors of 776339429?
101, 2521, 3049
List the prime factors of 563896916.
2, 11, 12815839
List the prime factors of 6214859756.
2, 7, 71, 3126187
What are the prime factors of 37559733?
3, 12519911
What are the prime factors of 1685693318?
2, 4001, 210659
What are the prime factors of 109394698?
2, 7, 7813907
List the prime factors of 42283808.
2, 7, 188767
What are the prime factors of 596941799?
16811, 35509
List the prime factors of 47940092.
2, 1429, 8387
What are the prime factors of 793206657?
3, 88134073
What are the prime factors of 88723663?
7, 17, 43, 2477
List the prime factors of 180148974.
2, 3, 3947, 7607
List the prime factors of 8937243.
3, 7, 47287
List the prime factors of 33063821.
7, 257, 18379
What are the prime factors of 199339863?
3, 66446621
What are the prime factors of 280866271?
7, 23, 103, 16937
List the prime factors of 2583947375.
5, 71, 359, 811
List the prime factors of 72404188.
2, 18101047
List the prime factors of 177825870.
2, 3, 5, 109, 18127
What are the prime factors of 530871440?
2, 5, 11, 163, 3701
What are the prime factors of 24487759?
127, 192817
What are the prime factors of 177645406?
2, 359, 401, 617
What are the prime factors of 530084269?
11, 13, 3706883
What are the prime factors of 88607222?
2, 11, 19, 211979
List the prime factors of 107595784.
2, 19, 47, 15061
What are the prime factors of 425009666?
2, 212504833
What are the prime factors of 42273022?
2, 11, 47, 40883
List the prime factors of 125189521.
1069, 117109
What are the prime factors of 39026131?
811, 48121
What are the prime factors of 361117678?
2, 89, 383, 5297
What are the prime factors of 1443860586?
2, 3, 7, 47, 67, 1213
List the prime factors of 23736974.
2, 47, 373, 677
What are the prime factors of 1773570254?
2, 17, 52163831
What are the prime factors of 472212183?
3, 151, 499, 2089
What are the prime factors of 2152572471?
3, 7, 34167817
List the prime factors of 189260402.
2, 37, 797, 3209
List the prime factors of 453470895.
3, 5, 10077131
List the prime factors of 655243540.
2, 5, 7, 4680311
List the prime factors of 196240524.
2, 3, 16353377
What are the prime factors of 43364659?
13, 3335743
List the prime factors of 216073860.
2, 3, 5, 1087, 3313
What are the prime factors of 131542029?
3, 4871927
What are the prime factors of 534418731?
3, 7, 11, 23, 33529
What are the prime factors of 6548244232?
2, 71, 113, 102023
List the prime factors of 32902636.
2, 13, 632743
What are the prime factors of 632672474?
2, 7, 45190891
List the prime factors of 100332143.
83, 1208821
What are the prime factors of 978270127?
41, 23860247
What are the prime factors of 49909333?
19, 23, 6011
List the prime factors of 3120162745.
5, 7, 17, 5243971
List the prime factors of 4239820289.
4239820289
What are the prime factors of 58